te the highest common divisor of 585 and 50013.
9
Calculate the greatest common divisor of 26840425 and 1725.
575
What is the greatest common divisor of 600521 and 14137?
67
Calculate the greatest common factor of 3050 and 239490270.
610
Calculate the highest common divisor of 144197438 and 308.
154
What is the greatest common divisor of 59154984 and 132?
12
Calculate the highest common divisor of 445080713 and 471.
157
Calculate the greatest common divisor of 41822 and 61534.
22
What is the highest common factor of 77 and 619586?
11
What is the highest common factor of 44553184 and 1248?
416
What is the highest common factor of 555236 and 583?
11
Calculate the highest common divisor of 46811256 and 12.
12
What is the highest common factor of 23500 and 984650?
2350
Calculate the highest common factor of 54948149 and 60007.
2609
Calculate the highest common factor of 2515 and 3823303.
503
Calculate the highest common factor of 55 and 161189435.
55
Calculate the highest common divisor of 483 and 27766221.
483
Calculate the greatest common factor of 226 and 204036529.
113
What is the greatest common factor of 27912 and 29618121?
3489
What is the greatest common factor of 305998 and 21098?
154
Calculate the greatest common factor of 484 and 327467712.
44
What is the greatest common factor of 32557049 and 7?
7
Calculate the highest common divisor of 2623000 and 500.
500
Calculate the greatest common divisor of 851 and 621828.
23
Calculate the greatest common divisor of 3822 and 2343250.
182
What is the greatest common factor of 1258 and 27714998?
1258
Calculate the greatest common divisor of 236 and 4882.
2
What is the highest common factor of 36 and 268853316?
12
What is the greatest common factor of 652413 and 850947?
87
Calculate the greatest common divisor of 500070 and 465.
15
What is the highest common divisor of 1190289 and 459?
51
What is the highest common factor of 36534448 and 880?
16
Calculate the greatest common divisor of 13 and 5149677.
13
What is the highest common divisor of 1925 and 1481480?
385
Calculate the greatest common divisor of 17775 and 1166925.
75
What is the greatest common divisor of 577010 and 5180?
70
Calculate the highest common divisor of 5612087 and 87191.
247
What is the greatest common divisor of 12640134 and 6?
6
Calculate the greatest common divisor of 4444 and 247046.
202
Calculate the highest common divisor of 1276 and 119772356.
44
What is the highest common factor of 960 and 8950740?
60
What is the greatest common factor of 5862153 and 2443?
349
What is the highest common divisor of 83517276 and 2316?
2316
Calculate the greatest common divisor of 2572 and 142765933.
643
What is the highest common divisor of 10115 and 191030?
35
What is the highest common factor of 74460 and 245424?
12
Calculate the greatest common factor of 627 and 100933833.
627
Calculate the highest common factor of 24780 and 69060.
60
Calculate the greatest common divisor of 248148492 and 148.
148
What is the greatest common divisor of 8789053 and 3304?
413
Calculate the greatest common divisor of 12063897 and 1377.
1377
What is the highest common divisor of 186676 and 21696?
452
Calculate the highest common divisor of 11185098 and 138678.
4782
What is the highest common divisor of 17193620 and 400?
20
What is the greatest common divisor of 2781523 and 629?
17
Calculate the greatest common divisor of 390 and 15680418.
78
What is the greatest common divisor of 4050 and 53095050?
450
Calculate the highest common factor of 269873 and 47719.
401
Calculate the greatest common factor of 3239 and 11849.
41
Calculate the highest common divisor of 77 and 21584189.
11
What is the greatest common divisor of 464 and 1603792?
16
What is the greatest common divisor of 33250065 and 230?
115
What is the highest common factor of 32937 and 2541?
3
Calculate the greatest common divisor of 12 and 13786656.
12
Calculate the highest common factor of 32475 and 27028293.
1299
Calculate the highest common divisor of 39 and 89211681.
39
What is the greatest common divisor of 5191 and 17647225?
29
What is the greatest common factor of 12688851 and 3?
3
Calculate the highest common factor of 85374 and 6014.
62
Calculate the highest common divisor of 35706930 and 9135.
105
What is the highest common factor of 67831366 and 428?
214
Calculate the greatest common factor of 7101 and 123873.
789
What is the greatest common factor of 52588727 and 1108?
277
What is the highest common factor of 458821518 and 499?
499
What is the highest common divisor of 20493 and 252801?
81
Calculate the highest common divisor of 136 and 7133642.
34
Calculate the highest common divisor of 82687696 and 608.
304
Calculate the greatest common divisor of 65744 and 271152.
112
Calculate the highest common factor of 8947505 and 455.
35
Calculate the greatest common divisor of 36354393 and 774.
387
What is the highest common divisor of 117612 and 4514796?
396
Calculate the greatest common factor of 6156 and 1020276.
324
Calculate the greatest common factor of 893 and 854977.
47
What is the highest common factor of 1548 and 192812?
172
Calculate the highest common factor of 231285 and 8070.
15
Calculate the highest common factor of 18979 and 359.
1
What is the highest common factor of 275238 and 11358?
18
What is the greatest common factor of 12924006 and 8766?
2922
Calculate the highest common factor of 313134 and 114.
6
Calculate the highest common factor of 11078340 and 4620.
420
What is the greatest common factor of 443125 and 64375?
625
Calculate the greatest common factor of 190 and 3812720.
10
What is the greatest common divisor of 222 and 147637918?
74
Calculate the highest common factor of 62607 and 2302207.
509
Calculate the greatest common divisor of 154 and 10349416.
154
What is the greatest common divisor of 125 and 8045725?
25
What is the greatest common factor of 117 and 82976868?
117
What is the highest common divisor of 11006926 and 23506?
322
What is the highest common factor of 57753 and 172179?
27
Calculate the highest common factor of 39195068 and 44.
44
Calculate the highest common factor of 14063420 and 646.
646
Calculate the greatest common factor of 6254300 and 156.
52
Calculate the highest common divisor of 5139 and 629813.
571
Calculate the highest common factor of 180 and 1356408.
36
What is the greatest common factor of 8632 and 5560087?
1079
What is the highest common factor of 25320 and 10194120?
120
What is the highest common factor of 5321379 and 71?
71
What is the highest common factor of 137775 and 325?
25
What is the highest common divisor of 4094560 and 1440?
160
What is the greatest common divisor of 198 and 14024358?
18
What is the highest common factor of 1892 and 541716494?
946
What is the highest common divisor of 270 and 21109230?
90
What is the greatest common factor of 3641 and 2602984?
331
What is the highest common divisor of 4589370 and 10575?
45
Calculate the greatest common divisor of 4939487 and 2318.
19
Calculate the highest common factor of 15197733 and 4347.
621
What is the highest common factor of 507474 and 5874?
66
Calculate the greatest common factor of 3090 and 57965.
5
Calculate the greatest common divisor of 7220 and 2589035.
95
Calculate the highest common divisor of 5303184 and 680.
136
Calculate the highest common factor of 28158 and 614094.
78
Calculate the highest common divisor of 46343 and 381468.
383
Calculate the highest common divisor of 50640274 and 2524.
1262
What is the highest common factor of 6 and 37145294?
2
What is the highest common factor of 1466616 and 516008?
424
What is the greatest common factor of 123 and 734970387?
123
What is the greatest common factor of 16 and 45268?
4
Calculate the greatest common factor of 1090 and 11726438.
218
Calculate the highest common factor of 552 and 439806.
138
Calculate the greatest common factor of 13333738 and 110.
22
Calculate the highest common divisor of 196511 and 994287.
2933
What is the greatest common factor of 50167 and 34503092?
2951
Calculate the highest common factor of 38405216 and 460.
92
Calculate the greatest common divisor of 128351020 and 980.
140
What is the highest common factor of 2269 and 3648717637?
2269
Calculate the highest common factor of 68321477